+ 19228. What is the highest common divisor of w and 176?
44
Let r be 230/7 - (-17 - (-5083)/238 - (-90)/(-20)). Let h be ((-2)/4)/((-1)/66). Calculate the highest common divisor of r and h.
33
Suppose 0 = -3*y + 127*x - 126*x + 8353, -3*x - 13915 = -5*y. What is the highest common factor of y and 14?
14
Suppose 3*a = -4*r + 320, 102 + 2 = a + 4*r. Suppose 5*t = 8*t - a. Let s = t - 30. Calculate the highest common divisor of s and 48.
6
Let u(g) = 6000*g**2 - 16*g + 44. Let x be u(2). What is the greatest common divisor of x and 69?
69
Suppose 5*c = -s + 448, 3*s + 2*c + 339 - 1748 = 0. Let i = s - 253. What is the highest common factor of 44 and i?
44
Let t = 1497 - 1477. Suppose 0 = -0*r + 2*r + 2*g - 30, -3*r - 4*g + 40 = 0. Calculate the greatest common factor of r and t.
20
Let a = -3381 - -3397. What is the greatest common divisor of a and 23024?
16
Let j(p) = 3*p**3 - p**2 + 1. Suppose 142*m = 150*m - 8. Let h be j(m). What is the greatest common divisor of h and 2?
1
Let f(j) = -7*j + 13. Let c be 5*(-2)/(-5) - -3. Let m be -5 + -2*c/10. Let t be f(m). What is the greatest common factor of 33 and t?
11
Let b = -7107 - -7926. What is the greatest common divisor of 72 and b?
9
Let r = 3091 + -2057. Let o = r - 1030. Let g be (-5)/(-7) - (-4)/14. What is the highest common divisor of o and g?
1
Suppose 12*t - 16*t + 4060 = 0. Suppose 5*k - t = 2*k - 5*g, -965 = -3*k + 5*g. Let z be -3*k/(-27)*3/2. What is the highest common factor of 5 and z?
5
Let v(n) = n**2 - n - 4. Let q be v(3). Suppose 0 = q*t - 15 - 111. Let b(o) = -o**2 - 6*o + 4. Let u be b(-5). What is the highest common factor of u and t?
9
Suppose 0 = 2*f + 7*c - 469, -6*f + 7*f - 257 = c. Calculate the greatest common divisor of f and 28.
28
Suppose 11*k - 3 - 30 = 0. Suppose 0*q + 4*u - 36 = -4*q, 0 = q - k*u + 7. Let f = 12 - q. Calculate the highest common factor of f and 49.
7
Let u(f) = -f**3 + 17*f**2 - 26*f + 8. Let t be u(15). Suppose -72*i + t*i = -4. What is the greatest common factor of 21 and i?
1
Let i(d) = -2*d + 26. Let n be i(10). Suppose n*r + 10 - 64 = 0. What is the greatest common factor of r and 2?
1
Let h be (-54)/(-99) + (-9)/(-66)*(-12590)/(-15). Calculate the greatest common factor of h and 9085.
115
Let l = 234 - 156. Let r = 86 + -80. Calculate the highest common divisor of r and l.
6
Suppose 10 = -5*b, -69*r = -66*r - 3*b - 17754. Calculate the greatest common divisor of 612 and r.
204
Suppose 3*z - 8 = 7. Suppose -4*r + 560 = 2*f, r + 3*r = -z*f + 572. Let k = 238 - r. What is the highest common divisor of k and 250?
50
Let o be (-1 - -3) + 3 + 1. Suppose 2*j = -4*v + o*j + 8, 3*v = -j + 2. Let m be 7*v/(28/40). What is the greatest common factor of m and 80?
10
Let i(k) = 26*k**2 - 3*k + 1. Let d be i(2). Suppose -53 = -2*q - 3*h + 151, 3*h = -q + d. What is the highest common divisor of q and 30?
15
Suppose 0*i + 46 = 5*i - s, 3*i = 5*s + 10. Let t(o) = -5*o + 5*o + 4*o + 2*o - 254 + 6*o. Let q be t(27). Calculate the highest common factor of i and q.
10
Let m(c) = -5*c - 14 - 24 + c - 7. Let j(t) = 8*t + 89. Let q(w) = -4*j(w) - 9*m(w). Let a be q(8). Calculate the highest common factor of 54 and a.
27
Suppose 37965 + 96132 = 178*j - 34113. Calculate the greatest common divisor of 140 and j.
35
Let t = -33318 - -33336. Let h = 1 - 2. Let d be h + 4 + -1 - -7. What is the highest common factor of d and t?
9
Let z = 122 - 102. Let b be 250/7 + z/(-28) + 1. Let g = 5 + -1. What is the greatest common factor of b and g?
4
Let a = -3 - -16. Suppose -2*y = 4*p - 0*y - 10, 9 = 4*p + y. Suppose -223 = -p*b + 63. Calculate the greatest common factor of a and b.
13
Suppose -32*s = -7*s + 17375. Let a = 740 + s. What is the highest common divisor of a and 63?
9
Let s be -1 + 10/5 - 0. Let r be (-1 - 0)*2 + s - 70. Let p = r + 77. What is the greatest common factor of p and 6?
6
Let q be ((-1086)/(-24) - 5) + (-1)/4. Suppose 20*c = 15*c + q. Let k = 3 - 2. What is the highest common divisor of c and k?
1
Let m be (29 + -44)*22/(-3). Suppose -s = 2*f - m, -4*f + 2*s - 164 = -7*f. Calculate the greatest common factor of 32 and f.
8
Let b be 642944/160 - (-16)/10. Calculate the highest common divisor of 60 and b.
60
Let o be ((-39)/(-3))/(233798/700143 + 1/(-3)). What is the highest common divisor of o and 598?
299
Let l(v) = 22*v + 2. Let w be l(2). Let x = 1523 + -1109. Calculate the highest common factor of x and w.
46
Let i = -721 - -1009. Calculate the greatest common divisor of 32 and i.
32
Suppose -16 = -2*j - 4*v - 12, j - 3*v - 7 = 0. Suppose -16*x - 160 = -k - 14*x, -470 = -3*k + j*x. What is the greatest common divisor of k and 200?
50
Suppose 0 = -2*w + 33 + 97. Let m be 16/3 - (-72)/(-216). What is the highest common factor of w and m?
5
Let v = -16610 + 36044. What is the highest common factor of 158 and v?
158
Suppose 4*k = x - 440 + 3, -x + 469 = 4*k. Suppose x + 27 = 2*q. Suppose -q = -18*t + 17*t. What is the highest common divisor of t and 48?
48
Suppose 230*p - 232*p + 402 = 0. Let x(g) = -g**3 + 12*g**2 + 5*g + 7. Let a be x(12). What is the greatest common divisor of p and a?
67
Suppose 4*g - 5*v = 38085, 34*v - 35*v = 1. What is the highest common divisor of 170 and g?
170
Let a = 514 + 739. What is the greatest common factor of 14 and a?
7
Suppose 0 = -24*u + 104 + 400. What is the greatest common factor of 27 and u?
3
Suppose 3*y = -4*x + 1261, -1429 = -4*x + 3*y - 186. Suppose 0 = 2*j - 2*d - 230, 4*j - 159 = -2*d + x. Calculate the highest common divisor of 13 and j.
13
Let p = -79 - -84. Suppose -p*g = -4*w + 29, -4*w + 4*g + 0*g + 28 = 0. Calculate the highest common factor of w and 390.
6
Suppose -4*t = -3*n - 25, 4*t + 4 = -3*n - 13. Let j be ((-6)/n)/((-8 + 7)/(-14)). Calculate the highest common divisor of j and 33.
3
Let q be (-18)/(-4)*9620/39. Suppose -q = -4*w + 5*c, -4*c - 552 = 6*w - 8*w. Calculate the highest common factor of w and 112.
56
Let p(h) = -5*h**2 + 6*h**2 + 11*h - 30*h. Let w be p(19). Let g be 5 - (2 - (w + (-2 - -2))). Calculate the highest common divisor of g and 6.
3
Let m = 10768 - 10500. Calculate the highest common divisor of 871 and m.
67
Suppose -2*v = -12 - 56. Suppose -608 = -v*b + 30*b. Suppose 0 = 2*s - 52 - b. What is the highest common factor of s and 68?
34
Let a = 4616 - 1213. What is the greatest common divisor of 41 and a?
41
Suppose 0 = -201*m - 60*m + 79*m + 356174. What is the greatest common divisor of m and 206?
103
Let l = 15715 + -11844. What is the greatest common factor of l and 14?
7
Let x(v) = -22*v. Let g be x(-1). Suppose 10*h - 8 = g. Suppose -7*p + h*p = -72. What is the greatest common divisor of 2 and p?
2
Let m(v) = v**2 - 174*v - 5726. Let b be m(-33). Let z(q) = q**3 - 10*q**2 - 4*q + 8. Let a be z(11). Calculate the greatest common factor of a and b.
85
Let m be (-6)/(-39) - 1842162/(-1794). What is the greatest common divisor of 143 and m?
13
Let q = -155 + 158. Suppose -26 = -2*i + 5*j, 46 = q*i - 2*j - 2*j. What is the greatest common divisor of i and 198?
18
Let l be (-21)/(-4)*-4*(6 + (-190)/30). Suppose 0 = -m - f + 6, 5*m - 37 = -0*f + 2*f. Calculate the greatest common factor of m and l.
7
Let c be -190 + 1/(2/(-2 - -6)). Let g be c/(-10)*3 - (-2)/(-5). Suppose 0 = 7*q - 11*q + 56. Calculate the greatest common factor of q and g.
14
Suppose -n + 240 = n - 4*f, -4*f + 530 = 5*n. Let p be 36 - (-1)/((-4)/(-32)). Calculate the greatest common divisor of p and n.
22
Suppose 49*g - 95771 = -8306. What is the highest common divisor of g and 7?
7
Let r = 367 + -255. Let s be (-4)/(-8) - 1683/(-6). Let t = 295 - s. What is the highest common divisor of r and t?
14
Let f(k) = 5*k**2 + 122*k - 526. Let w be f(4). What is the highest common divisor of 5908 and w?
14
Suppose -8*u - 16*u = 312. Let r(m) be the second derivative of -3*m**3 + m. Let d be r(u). What is the highest common divisor of 26 and d?
26
Let n = -1631 + 977. Let i = -598 - n. Calculate the greatest common factor of i and 140.
28
Let a = -1985 + 2062. What is the greatest common factor of 11 and a?
11
Suppose -6*v = -3*v - 84. Suppose -3*i = -r - 92, 7*i - 8*i + r = -v. Calculate the greatest common divisor of i and 112.
16
Suppose 2*p = -2*s + 80, -163 = -4*s + 2*p + 27. Let t = -40 + s. Suppose 4